{"id":708,"date":"2024-01-15T13:10:11","date_gmt":"2024-01-15T12:10:11","guid":{"rendered":"https:\/\/thorhabitatrenov.fr\/?page_id=708"},"modified":"2024-01-15T13:10:12","modified_gmt":"2024-01-15T12:10:12","slug":"politique-relative-aux-cookies-de-thorhabitatrenov-fr","status":"publish","type":"page","link":"https:\/\/thorhabitatrenov.fr\/index.php\/politique-relative-aux-cookies-de-thorhabitatrenov-fr\/","title":{"rendered":"Politique relative aux cookies de thorhabitatrenov.fr"},"content":{"rendered":"\n<p>Le pr\u00e9sent document informe les Utilisateurs des technologies permettant \u00e0 cette Application d\u2019atteindre les finalit\u00e9s d\u00e9crites ci-dessous. Ces technologies permettent au Propri\u00e9taire d\u2019acc\u00e9der \u00e0 des informations et de les stocker (\u00e0 l\u2019aide d\u2019un Cookie, par exemple) ou d\u2019utiliser des ressources (en ex\u00e9cutant un script, par exemple) sur l\u2019appareil d\u2019un Utilisateur lorsque celui-ci interagit avec cette Application.<\/p>\n\n\n\n<p>Par souci de simplification, toutes ces technologies sont d\u00e9finies comme \u00e9tant des \u00ab Traqueurs \u00bb dans le pr\u00e9sent document, \u00e0 moins qu\u2019il n\u2019existe une raison de les diff\u00e9rencier.&nbsp;<br>Par exemple, bien que les Cookies puissent \u00eatre utilis\u00e9s \u00e0 la fois sur les navigateurs Internet et mobiles, il serait inexact de parler de Cookies dans le contexte des applications mobiles car ce sont des traqueurs bas\u00e9s sur un navigateur. C\u2019est pourquoi, dans ce document, le terme Cookies n\u2019est utilis\u00e9 que lorsqu\u2019il est sp\u00e9cifiquement destin\u00e9 \u00e0 indiquer ce type sp\u00e9cifique de Traqueur.<\/p>\n\n\n\n<p>Certaines des finalit\u00e9s pour lesquelles les Traqueurs sont utilis\u00e9s peuvent n\u00e9cessiter le consentement de l\u2019Utilisateur. Lorsque le consentement est donn\u00e9, il peut \u00eatre librement retir\u00e9 \u00e0 tout moment en suivant les instructions fournies dans le pr\u00e9sent document.<\/p>\n\n\n\n<p>Cette Application utilise uniquement des Traqueurs g\u00e9r\u00e9s directement par le Propri\u00e9taire (Traqueurs \u00ab de premi\u00e8re partie \u00bb).<br>Les p\u00e9riodes de validit\u00e9 et d\u2019expiration des Cookies de premi\u00e8re partie et d\u2019autres Traqueurs similaires peuvent varier en fonction de la dur\u00e9e de vie d\u00e9finie par le Propri\u00e9taire. Certains expirent \u00e0 la fin de la session de navigation de l\u2019Utilisateur.<\/p>\n\n\n\n<h3 class=\"wp-block-heading\">Activit\u00e9s strictement n\u00e9cessaires au fonctionnement de cette Application et \u00e0 la fourniture du Service<\/h3>\n\n\n\n<p>Cette Application utilise des Cookies dits \u00ab techniques \u00bb et d\u2019autres Traqueurs similaires pour mener des activit\u00e9s strictement n\u00e9cessaires au fonctionnement ou \u00e0 la fourniture du Service.<\/p>\n\n\n\n<h3 class=\"wp-block-heading\" id=\"manage_cookies\">Comment g\u00e9rer les pr\u00e9f\u00e9rences et donner ou retirer son consentement<\/h3>\n\n\n\n<p>Il existe diff\u00e9rentes fa\u00e7ons de g\u00e9rer les pr\u00e9f\u00e9rences relatives aux Traqueurs et de donner et de retirer son consentement, le cas \u00e9ch\u00e9ant:<\/p>\n\n\n\n<p>Les Utilisateurs peuvent g\u00e9rer les pr\u00e9f\u00e9rences relatives aux Traqueurs directement dans les param\u00e8tres de leur propre appareil, par exemple en emp\u00eachant l\u2019utilisation ou le stockage des Traqueurs.<\/p>\n\n\n\n<p>De plus, chaque fois que l\u2019utilisation de Traqueurs repose sur le consentement, les Utilisateurs peuvent donner ou retirer ce consentement en d\u00e9finissant leurs pr\u00e9f\u00e9rences dans la notification de cookie, ou en mettant \u00e0 jour ces pr\u00e9f\u00e9rences en cons\u00e9quence \u00e0 l\u2019aide du widget appropri\u00e9 de pr\u00e9f\u00e9rences relatives au consentement en mati\u00e8re de vie priv\u00e9e, le cas \u00e9ch\u00e9ant.<\/p>\n\n\n\n<p>Il est \u00e9galement possible, par le biais des fonctionnalit\u00e9s correspondantes du navigateur ou de l\u2019appareil, de supprimer les Traqueurs pr\u00e9c\u00e9demment stock\u00e9s, y compris ceux utilis\u00e9s pour se souvenir des pr\u00e9f\u00e9rences initiales de l\u2019Utilisateur en mati\u00e8re de consentement.<\/p>\n\n\n\n<p>Les autres Traqueurs dans la m\u00e9moire locale du navigateur peuvent \u00eatre effac\u00e9s en supprimant l\u2019historique de navigation.<\/p>\n\n\n\n<h4 class=\"wp-block-heading\">Acc\u00e8s aux param\u00e8tres pour les Traqueurs<\/h4>\n\n\n\n<p>Les Utilisateurs peuvent, par exemple, trouver des informations sur la fa\u00e7on de g\u00e9rer les Cookies dans les navigateurs les plus couramment utilis\u00e9s aux adresses suivantes :&nbsp;<\/p>\n\n\n\n<ul>\n<li><a rel=\"noreferrer noopener\" target=\"_blank\" href=\"https:\/\/support.google.com\/chrome\/answer\/95647?hl=fr&amp;p=cpn_cookies\">Google Chrome<\/a><\/li>\n\n\n\n<li><a rel=\"noreferrer noopener\" target=\"_blank\" href=\"https:\/\/support.mozilla.org\/fr\/kb\/activer-desactiver-cookies\">Mozilla Firefox<\/a><\/li>\n\n\n\n<li><a rel=\"noreferrer noopener\" target=\"_blank\" href=\"https:\/\/support.apple.com\/fr-fr\/guide\/safari\/manage-cookies-and-website-data-sfri11471\/\">Apple Safari<\/a><\/li>\n\n\n\n<li><a rel=\"noreferrer noopener\" target=\"_blank\" href=\"http:\/\/windows.microsoft.com\/fr-fr\/windows-vista\/block-or-allow-cookies\">Microsoft Internet Explorer<\/a><\/li>\n\n\n\n<li><a rel=\"noreferrer noopener\" target=\"_blank\" href=\"https:\/\/support.microsoft.com\/fr-fr\/help\/4027947\">Microsoft Edge<\/a><\/li>\n\n\n\n<li><a rel=\"noreferrer noopener\" target=\"_blank\" href=\"https:\/\/support.brave.com\/hc\/articles\/360022806212-How-do-I-use-Shields-while-browsing\">Brave<\/a><\/li>\n\n\n\n<li><a rel=\"noreferrer noopener\" target=\"_blank\" href=\"https:\/\/help.opera.com\/latest\/web-preferences\/#cookies\">Opera<\/a><\/li>\n<\/ul>\n\n\n\n<p>Les Utilisateurs peuvent \u00e9galement g\u00e9rer certaines cat\u00e9gories de Traqueurs utilis\u00e9s sur les applications mobiles en d\u00e9sactivant les param\u00e8tres appropri\u00e9s de l\u2019appareil, tels que les param\u00e8tres publicitaires de l\u2019appareil pour les appareils mobiles ou les param\u00e8tres de suivi en g\u00e9n\u00e9ral (les Utilisateurs peuvent ouvrir les param\u00e8tres de l\u2019appareil et rechercher le param\u00e8tre appropri\u00e9).<\/p>\n\n\n\n<h4 class=\"wp-block-heading\">Cons\u00e9quences du refus de l&#8217;utilisation des Traqueurs<\/h4>\n\n\n\n<p>L&#8217;Utilisateur est libre de d\u00e9cider d&#8217;autoriser ou non l&#8217;utilisation de Traqueurs. Toutefois, il convient de noter que les Traqueurs permettent \u00e0 cette Application de fournir aux Utilisateurs une meilleure exp\u00e9rience et des fonctionnalit\u00e9s avanc\u00e9es (conform\u00e9ment aux finalit\u00e9s d\u00e9crites dans le pr\u00e9sent document). Par cons\u00e9quent, si l\u2019Utilisateur d\u00e9cide de bloquer l&#8217;utilisation des Traqueurs, il est possible que le Propri\u00e9taire ne soit pas en mesure de fournir les fonctionnalit\u00e9s connexes.<\/p>\n\n\n\n<h3 class=\"wp-block-heading\" id=\"owner_of_the_data\">Propri\u00e9taire et Responsable du traitement<\/h3>\n\n\n\n<p>Si vous \u00eates un utilisateur et avez besoin d\u2019informations sur vos donn\u00e9es personnelles, veuillez contacter le propri\u00e9taire directement en utilisant les coordonn\u00e9es ci-dessous:<\/p>\n\n\n\n<p><strong>Courriel de contact du Propri\u00e9taire :<\/strong>&nbsp;thorhabitatrenov@hotmail.com<\/p>\n\n\n\n<p>Compte tenu de la complexit\u00e9 objective des technologies de suivi, les Utilisateurs sont invit\u00e9s \u00e0 contacter le Propri\u00e9taire s\u2019ils souhaitent recevoir de plus amples informations sur l\u2019utilisation de ces technologies par cette Application.<\/p>\n\n\n\n<h3 class=\"wp-block-heading\">D\u00e9finitions et r\u00e9f\u00e9rences l\u00e9gales<\/h3>\n\n\n\n<h4 class=\"wp-block-heading\">Donn\u00e9es personnelles (ou Donn\u00e9es)<\/h4>\n\n\n\n<p>Toute information qui, directement, indirectement ou en relation avec d&#8217;autres informations \u2013 y compris un num\u00e9ro d&#8217;identification personnel \u2013 permet l&#8217;identification ou l&#8217;identifiabilit\u00e9 d&#8217;une personne physique.<\/p>\n\n\n\n<h4 class=\"wp-block-heading\">Donn\u00e9es d\u2019utilisation<\/h4>\n\n\n\n<p>Les informations collect\u00e9es automatiquement par cette Application (ou par des services tiers employ\u00e9s par cette Application), qui peuvent inclure les adresses IP ou les noms de domaines des ordinateurs utilis\u00e9s par les Utilisateurs qui utilisent cette Application, les adresses URI (Uniform Resource Identifier ou identifiant uniforme de ressource), l\u2019heure de la demande, la m\u00e9thode utilis\u00e9e pour soumettre la demande au serveur, la taille du fichier re\u00e7u en r\u00e9ponse, le code num\u00e9rique indiquant le statut de la r\u00e9ponse du serveur (r\u00e9sultat favorable, erreur, etc.), le pays d\u2019origine, les caract\u00e9ristiques du navigateur et du syst\u00e8me d\u2019exploitation utilis\u00e9s par l\u2019Utilisateur, les diff\u00e9rents d\u00e9tails relatifs au temps par visite (p. ex. temps pass\u00e9 sur chaque page dans l\u2019Application) et les d\u00e9tails relatifs au chemin suivi dans l\u2019Application avec une r\u00e9f\u00e9rence sp\u00e9ciale \u00e0 la s\u00e9quence des pages visit\u00e9es, et d\u2019autres param\u00e8tres concernant le syst\u00e8me d\u2019exploitation ou l\u2019environnement informatique de l\u2019Utilisateur.<\/p>\n\n\n\n<h4 class=\"wp-block-heading\">Utilisateur<\/h4>\n\n\n\n<p>La personne utilisant cette Application qui, sauf indication contraire, correspond \u00e0 la Personne concern\u00e9e.<\/p>\n\n\n\n<h4 class=\"wp-block-heading\">Personne concern\u00e9e<\/h4>\n\n\n\n<p>La personne physique \u00e0 laquelle les Donn\u00e9es personnelles font r\u00e9f\u00e9rence.<\/p>\n\n\n\n<h4 class=\"wp-block-heading\">Sous-traitant<\/h4>\n\n\n\n<p>La personne physique ou morale, l&#8217;autorit\u00e9 publique, l&#8217;institution ou tout autre organisme qui traite les Donn\u00e9es personnelles pour le compte du Responsable du traitement, tel que d\u00e9crit dans la pr\u00e9sente politique de confidentialit\u00e9.<\/p>\n\n\n\n<h4 class=\"wp-block-heading\">Responsable du traitement (ou Propri\u00e9taire)<\/h4>\n\n\n\n<p>La personne physique ou morale, l\u2019autorit\u00e9 publique, l&#8217;institution ou toute autre organisme qui, seul ou conjointement avec d\u2019autres, d\u00e9termine les finalit\u00e9s et les moyens du traitement de Donn\u00e9es personnelles, y compris les mesures de s\u00e9curit\u00e9 concernant le fonctionnement et l&#8217;utilisation de cette Application. Sauf mention contraire, le Responsable du traitement est le Propri\u00e9taire de cette Application.<\/p>\n\n\n\n<h4 class=\"wp-block-heading\">Cette Application<\/h4>\n\n\n\n<p>Les moyens par lesquels les Donn\u00e9es personnelles de l&#8217;Utilisateur sont collect\u00e9es et trait\u00e9es.<\/p>\n\n\n\n<h4 class=\"wp-block-heading\">Service<\/h4>\n\n\n\n<p>Le service fourni par cette Application comme d\u00e9crit dans les conditions s&#8217;y rapportant (le cas \u00e9ch\u00e9ant) et sur ce site\/cette application.<\/p>\n\n\n\n<h4 class=\"wp-block-heading\">Union europ\u00e9enne (ou UE)<\/h4>\n\n\n\n<p>Sauf indication contraire, toutes les r\u00e9f\u00e9rences faites dans le pr\u00e9sent document \u00e0 l&#8217;Union europ\u00e9enne incluent tous les \u00c9tats membres actuels de l&#8217;Union europ\u00e9enne et de l&#8217;Espace \u00e9conomique europ\u00e9en.<\/p>\n\n\n\n<h4 class=\"wp-block-heading\">Cookie<\/h4>\n\n\n\n<p>Les Cookies sont des Traqueurs constitu\u00e9s de petits ensembles de donn\u00e9es stock\u00e9s dans le navigateur de l\u2019Utilisateur.<\/p>\n\n\n\n<h4 class=\"wp-block-heading\">Traqueurs<\/h4>\n\n\n\n<p>Un Traqueur indique toute technologie \u2013 par exemple, les Cookies, les identifiants uniques, les balises Web, les scripts int\u00e9gr\u00e9s, les balises \u00e9lectroniques et les empreintes digitales \u2013 permettant de suivre les Utilisateurs, par exemple en acc\u00e9dant \u00e0 des informations ou en les stockant sur l\u2019appareil de l\u2019Utilisateur.<\/p>\n\n\n\n<h4 class=\"wp-block-heading\">Informations l\u00e9gales<\/h4>\n\n\n\n<p>Cette politique de confidentialit\u00e9 concerne uniquement cette Application, sauf indication contraire dans le pr\u00e9sent document.<\/p>\n\n\n\n<hr class=\"wp-block-separator has-alpha-channel-opacity\"\/>\n\n\n\n<p>Derni\u00e8re mise \u00e0 jour : 15 janvier 2024<\/p>\n\n\n\n<p>Voir la <a href=\"https:\/\/thorhabitatrenov.fr\/index.php\/politique-de-confidentialite\/\" title=\"\">Politique de confidentialit\u00e9<\/a><\/p>\n","protected":false},"excerpt":{"rendered":"<p>Le pr\u00e9sent document informe les Utilisateurs des technologies permettant \u00e0 cette Application d\u2019atteindre les finalit\u00e9s d\u00e9crites ci-dessous. Ces technologies permettent au Propri\u00e9taire d\u2019acc\u00e9der \u00e0 des informations et de les stocker (\u00e0 l\u2019aide d\u2019un Cookie, par exemple) ou d\u2019utiliser des ressources (en ex\u00e9cutant un script, par exemple) sur l\u2019appareil d\u2019un Utilisateur lorsque celui-ci interagit avec cette&hellip;&nbsp;<a href=\"https:\/\/thorhabitatrenov.fr\/index.php\/politique-relative-aux-cookies-de-thorhabitatrenov-fr\/\" class=\"\" rel=\"bookmark\">Read More &raquo;<span class=\"screen-reader-text\">Politique relative aux cookies de thorhabitatrenov.fr<\/span><\/a><\/p>\n","protected":false},"author":1,"featured_media":0,"parent":0,"menu_order":0,"comment_status":"closed","ping_status":"closed","template":"","meta":{"om_disable_all_campaigns":false,"_monsterinsights_skip_tracking":false,"_monsterinsights_sitenote_active":false,"_monsterinsights_sitenote_note":"","_monsterinsights_sitenote_category":0,"neve_meta_sidebar":"","neve_meta_container":"","neve_meta_enable_content_width":"","neve_meta_content_width":0,"neve_meta_title_alignment":"","neve_meta_author_avatar":"","neve_post_elements_order":"","neve_meta_disable_header":"","neve_meta_disable_footer":"","neve_meta_disable_title":"","_themeisle_gutenberg_block_has_review":false,"_ti_tpc_template_sync":false,"_ti_tpc_template_id":"","footnotes":""},"yoast_head":"<!-- This site is optimized with the Yoast SEO plugin v23.4 - https:\/\/yoast.com\/wordpress\/plugins\/seo\/ -->\n<title>Politique relative aux cookies de thorhabitatrenov.fr - THOR HABITAT RENOV<\/title>\n<meta name=\"robots\" content=\"index, follow, max-snippet:-1, max-image-preview:large, max-video-preview:-1\" \/>\n<link rel=\"canonical\" href=\"https:\/\/thorhabitatrenov.fr\/index.php\/politique-relative-aux-cookies-de-thorhabitatrenov-fr\/\" \/>\n<meta property=\"og:locale\" content=\"en_US\" \/>\n<meta property=\"og:type\" content=\"article\" \/>\n<meta property=\"og:title\" content=\"Politique relative aux cookies de thorhabitatrenov.fr - THOR HABITAT RENOV\" \/>\n<meta property=\"og:description\" content=\"Le pr\u00e9sent document informe les Utilisateurs des technologies permettant \u00e0 cette Application d\u2019atteindre les finalit\u00e9s d\u00e9crites ci-dessous. Ces technologies permettent au Propri\u00e9taire d\u2019acc\u00e9der \u00e0 des informations et de les stocker (\u00e0 l\u2019aide d\u2019un Cookie, par exemple) ou d\u2019utiliser des ressources (en ex\u00e9cutant un script, par exemple) sur l\u2019appareil d\u2019un Utilisateur lorsque celui-ci interagit avec cette&hellip;&nbsp;Read More &raquo;Politique relative aux cookies de thorhabitatrenov.fr\" \/>\n<meta property=\"og:url\" content=\"https:\/\/thorhabitatrenov.fr\/index.php\/politique-relative-aux-cookies-de-thorhabitatrenov-fr\/\" \/>\n<meta property=\"og:site_name\" content=\"THOR HABITAT RENOV\" \/>\n<meta property=\"article:publisher\" content=\"https:\/\/www.facebook.com\/profile.php?id=100090367429702&amp;locale=hi_IN&amp;paipv=0&amp;eav=AfaJTfxCtS8OWH53oGQ0WkMQHhDoUqPEA9tq_huYqJQrd8CBl5H4kwWXZWf1Vkgkvrw\" \/>\n<meta property=\"article:modified_time\" content=\"2024-01-15T12:10:12+00:00\" \/>\n<meta property=\"og:image\" content=\"https:\/\/thorhabitatrenov.fr\/wp-content\/uploads\/2024\/01\/LOGO_FOND-BLANC_TACHE-GRISE_.jpg\" \/>\n\t<meta property=\"og:image:width\" content=\"688\" \/>\n\t<meta property=\"og:image:height\" content=\"625\" \/>\n\t<meta property=\"og:image:type\" content=\"image\/jpeg\" \/>\n<meta name=\"twitter:card\" content=\"summary_large_image\" \/>\n<meta name=\"twitter:label1\" content=\"Est. reading time\" \/>\n\t<meta name=\"twitter:data1\" content=\"7 minutes\" \/>\n<script type=\"application\/ld+json\" class=\"yoast-schema-graph\">{\"@context\":\"https:\/\/schema.org\",\"@graph\":[{\"@type\":\"WebPage\",\"@id\":\"https:\/\/thorhabitatrenov.fr\/index.php\/politique-relative-aux-cookies-de-thorhabitatrenov-fr\/\",\"url\":\"https:\/\/thorhabitatrenov.fr\/index.php\/politique-relative-aux-cookies-de-thorhabitatrenov-fr\/\",\"name\":\"Politique relative aux cookies de thorhabitatrenov.fr - THOR HABITAT RENOV\",\"isPartOf\":{\"@id\":\"https:\/\/thorhabitatrenov.fr\/#website\"},\"datePublished\":\"2024-01-15T12:10:11+00:00\",\"dateModified\":\"2024-01-15T12:10:12+00:00\",\"breadcrumb\":{\"@id\":\"https:\/\/thorhabitatrenov.fr\/index.php\/politique-relative-aux-cookies-de-thorhabitatrenov-fr\/#breadcrumb\"},\"inLanguage\":\"en-US\",\"potentialAction\":[{\"@type\":\"ReadAction\",\"target\":[\"https:\/\/thorhabitatrenov.fr\/index.php\/politique-relative-aux-cookies-de-thorhabitatrenov-fr\/\"]}]},{\"@type\":\"BreadcrumbList\",\"@id\":\"https:\/\/thorhabitatrenov.fr\/index.php\/politique-relative-aux-cookies-de-thorhabitatrenov-fr\/#breadcrumb\",\"itemListElement\":[{\"@type\":\"ListItem\",\"position\":1,\"name\":\"Accueil\",\"item\":\"https:\/\/thorhabitatrenov.fr\/\"},{\"@type\":\"ListItem\",\"position\":2,\"name\":\"Politique relative aux cookies de thorhabitatrenov.fr\"}]},{\"@type\":\"WebSite\",\"@id\":\"https:\/\/thorhabitatrenov.fr\/#website\",\"url\":\"https:\/\/thorhabitatrenov.fr\/\",\"name\":\"THOR HABITAT RENOV\",\"description\":\"\",\"publisher\":{\"@id\":\"https:\/\/thorhabitatrenov.fr\/#organization\"},\"potentialAction\":[{\"@type\":\"SearchAction\",\"target\":{\"@type\":\"EntryPoint\",\"urlTemplate\":\"https:\/\/thorhabitatrenov.fr\/?s={search_term_string}\"},\"query-input\":{\"@type\":\"PropertyValueSpecification\",\"valueRequired\":true,\"valueName\":\"search_term_string\"}}],\"inLanguage\":\"en-US\"},{\"@type\":\"Organization\",\"@id\":\"https:\/\/thorhabitatrenov.fr\/#organization\",\"name\":\"THOR HABITAT RENOV\",\"url\":\"https:\/\/thorhabitatrenov.fr\/\",\"logo\":{\"@type\":\"ImageObject\",\"inLanguage\":\"en-US\",\"@id\":\"https:\/\/thorhabitatrenov.fr\/#\/schema\/logo\/image\/\",\"url\":\"https:\/\/thorhabitatrenov.fr\/wp-content\/uploads\/2023\/12\/LOGO.png\",\"contentUrl\":\"https:\/\/thorhabitatrenov.fr\/wp-content\/uploads\/2023\/12\/LOGO.png\",\"width\":2000,\"height\":2000,\"caption\":\"THOR HABITAT RENOV\"},\"image\":{\"@id\":\"https:\/\/thorhabitatrenov.fr\/#\/schema\/logo\/image\/\"},\"sameAs\":[\"https:\/\/www.facebook.com\/profile.php?id=100090367429702&locale=hi_IN&paipv=0&eav=AfaJTfxCtS8OWH53oGQ0WkMQHhDoUqPEA9tq_huYqJQrd8CBl5H4kwWXZWf1Vkgkvrw\"]}]}<\/script>\n<!-- \/ Yoast SEO plugin. -->","yoast_head_json":{"title":"Politique relative aux cookies de thorhabitatrenov.fr - THOR HABITAT RENOV","robots":{"index":"index","follow":"follow","max-snippet":"max-snippet:-1","max-image-preview":"max-image-preview:large","max-video-preview":"max-video-preview:-1"},"canonical":"https:\/\/thorhabitatrenov.fr\/index.php\/politique-relative-aux-cookies-de-thorhabitatrenov-fr\/","og_locale":"en_US","og_type":"article","og_title":"Politique relative aux cookies de thorhabitatrenov.fr - THOR HABITAT RENOV","og_description":"Le pr\u00e9sent document informe les Utilisateurs des technologies permettant \u00e0 cette Application d\u2019atteindre les finalit\u00e9s d\u00e9crites ci-dessous. Ces technologies permettent au Propri\u00e9taire d\u2019acc\u00e9der \u00e0 des informations et de les stocker (\u00e0 l\u2019aide d\u2019un Cookie, par exemple) ou d\u2019utiliser des ressources (en ex\u00e9cutant un script, par exemple) sur l\u2019appareil d\u2019un Utilisateur lorsque celui-ci interagit avec cette&hellip;&nbsp;Read More &raquo;Politique relative aux cookies de thorhabitatrenov.fr","og_url":"https:\/\/thorhabitatrenov.fr\/index.php\/politique-relative-aux-cookies-de-thorhabitatrenov-fr\/","og_site_name":"THOR HABITAT RENOV","article_publisher":"https:\/\/www.facebook.com\/profile.php?id=100090367429702&locale=hi_IN&paipv=0&eav=AfaJTfxCtS8OWH53oGQ0WkMQHhDoUqPEA9tq_huYqJQrd8CBl5H4kwWXZWf1Vkgkvrw","article_modified_time":"2024-01-15T12:10:12+00:00","og_image":[{"width":688,"height":625,"url":"https:\/\/thorhabitatrenov.fr\/wp-content\/uploads\/2024\/01\/LOGO_FOND-BLANC_TACHE-GRISE_.jpg","type":"image\/jpeg"}],"twitter_card":"summary_large_image","twitter_misc":{"Est. reading time":"7 minutes"},"schema":{"@context":"https:\/\/schema.org","@graph":[{"@type":"WebPage","@id":"https:\/\/thorhabitatrenov.fr\/index.php\/politique-relative-aux-cookies-de-thorhabitatrenov-fr\/","url":"https:\/\/thorhabitatrenov.fr\/index.php\/politique-relative-aux-cookies-de-thorhabitatrenov-fr\/","name":"Politique relative aux cookies de thorhabitatrenov.fr - THOR HABITAT RENOV","isPartOf":{"@id":"https:\/\/thorhabitatrenov.fr\/#website"},"datePublished":"2024-01-15T12:10:11+00:00","dateModified":"2024-01-15T12:10:12+00:00","breadcrumb":{"@id":"https:\/\/thorhabitatrenov.fr\/index.php\/politique-relative-aux-cookies-de-thorhabitatrenov-fr\/#breadcrumb"},"inLanguage":"en-US","potentialAction":[{"@type":"ReadAction","target":["https:\/\/thorhabitatrenov.fr\/index.php\/politique-relative-aux-cookies-de-thorhabitatrenov-fr\/"]}]},{"@type":"BreadcrumbList","@id":"https:\/\/thorhabitatrenov.fr\/index.php\/politique-relative-aux-cookies-de-thorhabitatrenov-fr\/#breadcrumb","itemListElement":[{"@type":"ListItem","position":1,"name":"Accueil","item":"https:\/\/thorhabitatrenov.fr\/"},{"@type":"ListItem","position":2,"name":"Politique relative aux cookies de thorhabitatrenov.fr"}]},{"@type":"WebSite","@id":"https:\/\/thorhabitatrenov.fr\/#website","url":"https:\/\/thorhabitatrenov.fr\/","name":"THOR HABITAT RENOV","description":"","publisher":{"@id":"https:\/\/thorhabitatrenov.fr\/#organization"},"potentialAction":[{"@type":"SearchAction","target":{"@type":"EntryPoint","urlTemplate":"https:\/\/thorhabitatrenov.fr\/?s={search_term_string}"},"query-input":{"@type":"PropertyValueSpecification","valueRequired":true,"valueName":"search_term_string"}}],"inLanguage":"en-US"},{"@type":"Organization","@id":"https:\/\/thorhabitatrenov.fr\/#organization","name":"THOR HABITAT RENOV","url":"https:\/\/thorhabitatrenov.fr\/","logo":{"@type":"ImageObject","inLanguage":"en-US","@id":"https:\/\/thorhabitatrenov.fr\/#\/schema\/logo\/image\/","url":"https:\/\/thorhabitatrenov.fr\/wp-content\/uploads\/2023\/12\/LOGO.png","contentUrl":"https:\/\/thorhabitatrenov.fr\/wp-content\/uploads\/2023\/12\/LOGO.png","width":2000,"height":2000,"caption":"THOR HABITAT RENOV"},"image":{"@id":"https:\/\/thorhabitatrenov.fr\/#\/schema\/logo\/image\/"},"sameAs":["https:\/\/www.facebook.com\/profile.php?id=100090367429702&locale=hi_IN&paipv=0&eav=AfaJTfxCtS8OWH53oGQ0WkMQHhDoUqPEA9tq_huYqJQrd8CBl5H4kwWXZWf1Vkgkvrw"]}]}},"_links":{"self":[{"href":"https:\/\/thorhabitatrenov.fr\/index.php\/wp-json\/wp\/v2\/pages\/708"}],"collection":[{"href":"https:\/\/thorhabitatrenov.fr\/index.php\/wp-json\/wp\/v2\/pages"}],"about":[{"href":"https:\/\/thorhabitatrenov.fr\/index.php\/wp-json\/wp\/v2\/types\/page"}],"author":[{"embeddable":true,"href":"https:\/\/thorhabitatrenov.fr\/index.php\/wp-json\/wp\/v2\/users\/1"}],"replies":[{"embeddable":true,"href":"https:\/\/thorhabitatrenov.fr\/index.php\/wp-json\/wp\/v2\/comments?post=708"}],"version-history":[{"count":1,"href":"https:\/\/thorhabitatrenov.fr\/index.php\/wp-json\/wp\/v2\/pages\/708\/revisions"}],"predecessor-version":[{"id":711,"href":"https:\/\/thorhabitatrenov.fr\/index.php\/wp-json\/wp\/v2\/pages\/708\/revisions\/711"}],"wp:attachment":[{"href":"https:\/\/thorhabitatrenov.fr\/index.php\/wp-json\/wp\/v2\/media?parent=708"}],"curies":[{"name":"wp","href":"https:\/\/api.w.org\/{rel}","templated":true}]}}